at is 101143 (base 9) in base 4?
32213322
What is 13583 (base 11) in base 5?
1104310
-110001211 (base 3) to base 9
-13054
Convert -b8a (base 16) to base 9.
-4042
43002 (base 5) to base 13
1404
Convert 1100001011100 (base 2) to base 12.
3738
Convert 1d2 (base 16) to base 2.
111010010
-2121341 (base 5) to base 8
-106006
404 (base 8) to base 13
170
Convert -41134 (base 6) to base 10.
-5458
2012 (base 7) to base 15
315
d2 (base 14) to base 7
352
Convert -16414 (base 8) to base 10.
-7436
Convert 15310 (base 6) to base 15.
b10
Convert 31130 (base 4) to base 15.
3c5
What is -1402143 (base 6) in base 14?
-20739
What is 12463 (base 8) in base 4?
1110303
-2050 (base 6) to base 5
-3322
-2a21 (base 15) to base 10
-9031
What is -89a (base 13) in base 9?
-2023
What is -10101001100010 (base 2) in base 15?
-3335
What is 9b2a (base 15) in base 6?
412134
101001100000 (base 2) to base 4
221200
Convert -110000111 (base 2) to base 7.
-1066
b644 (base 16) to base 9
71004
-428 (base 10) to base 6
-1552
Convert -addd (base 14) to base 2.
-111010111100111
10033 (base 4) to base 13
17b
100000100 (base 2) to base 12
198
Convert 66 (base 16) to base 3.
10210
What is -1427 (base 8) in base 13?
-48b
Convert -9aa (base 12) to base 15.
-651
What is 101011101101 (base 2) in base 14?
103b
What is -11527 (base 10) in base 13?
-5329
Convert -13402 (base 5) to base 14.
-58a
Convert 442 (base 10) to base 16.
1ba
5 (base 8) to base 12
5
What is -34202 (base 5) in base 4?
-211323
-50035 (base 8) to base 16
-501d
1331022 (base 4) to base 3
101222200
What is 20114 (base 10) in base 8?
47222
32a (base 14) to base 4
21302
Convert -3104 (base 6) to base 2.
-1010110000
What is -43178 (base 9) in base 7?
-146222
11230321 (base 4) to base 15
6dbd
Convert 14d6 (base 16) to base 5.
132314
What is -21021123 (base 4) in base 11?
-26171
-b3af (base 16) to base 3
-2100002200
8c4a (base 14) to base 6
304454
Convert -3768 (base 12) to base 15.
-1cd2
440000 (base 5) to base 4
3222120
What is -106211 (base 7) in base 5?
-1101341
What is 2211 (base 3) in base 13?
5b
Convert -10001 (base 5) to base 15.
-2bb
63521 (base 8) to base 4
12131101
What is -60a4 (base 11) in base 8?
-17644
Convert 404 (base 6) to base 14.
a8
What is -64 (base 7) in base 11?
-42
Convert -1100100 (base 2) to base 10.
-100
-2779 (base 13) to base 15
-1a37
111101010 (base 3) to base 7
40266
-201010 (base 3) to base 13
-309
What is 2413 (base 11) in base 3?
11100001
-1403 (base 5) to base 6
-1020
Convert -536 (base 10) to base 7.
-1364
Convert -1793 (base 13) to base 8.
-6654
What is 1115 (base 6) in base 16?
107
-995 (base 12) to base 14
-729
What is 125255 (base 6) in base 7?
45455
27b (base 15) to base 14
2c6
What is 25275 (base 8) in base 6?
122353
Convert 11011010000 (base 2) to base 12.
1014
What is -3e6 (base 15) in base 7?
-2412
Convert 8b9c (base 13) to base 14.
71b6
40426 (base 8) to base 14
6102
46674 (base 8) to base 3
1000022001
What is 3413130 (base 5) in base 11?
41433
Convert 2b00 (base 14) to base 5.
221034
Convert -2244 (base 5) to base 7.
-642
What is a83 (base 14) in base 13?
c38
14137 (base 9) to base 5
301332
Convert -14214 (base 5) to base 12.
-828
-11121 (base 4) to base 14
-1a9
-956 (base 16) to base 8
-4526
Convert 34454 (base 9) to base 2.
101100110111100
Convert -2223232 (base 5) to base 11.
-2749a
What is 2d27 (base 14) in base 4?
1332013
Convert 56166 (base 8) to base 16.
5c76
What is -1111200 (base 3) in base 14?
-586
2140 (base 5) to base 15
14a
What is -119 (base 15) in base 13?
-162
Convert 2200111 (base 3) to base 12.
1171
Convert -1a60 (base 12) to base 2.
-110010101000
-18c (base 14) to base 8
-500
1da (base 15) to base 2
110101110
-120262 (base 8) to base 11
-289a9
What is 405 (base 10) in base 2?
110010101
Convert 4634 (base 14) to base 12.
7086
Convert -1535 (base 6) to base 7.
-1136
Convert -1764 (base 15) to base 14.
-1ba4
What is -44500 (base 6) in base 16?
-1854
What is 159bd (base 15) in base 4?
101001013
-44844 (base 10) to base 14
-124b2
-100001011100 (base 2) to base 11
-1676
What is -10101112121 (base 3) in base 2?
-10000010010101101
What is -d0 (base 15) in base 8?
-303
Convert -2451 (base 9) to base 10.
-1828
Convert -9258 (base 13) to base 7.
-112563
What is 262150 (base 7) in base 2?
1011111010010110
-1a2 (base 13) to base 12
-211
Convert 1000100100100111 (base 2) to base 11.
2441a
Convert 241712 (base 8) to base 9.
135630
What is 49c (base 14) in base 5?
12142
1710 (base 8) to base 3
1022212
Convert 1981 (base 13) to base 12.
2267
What is -4515 (base 7) in base 3?
-2020100
What is 1363 (base 8) in base 15?
355
Convert -1284 (base 10) to base 14.
-67a
What is 3207 (base 12) in base 16?
1567
-312124 (base 5) to base 16
-2831
-11311102 (base 4) to base 7
-126436
Convert 888 (base 9) to base 3.
222222
Convert 20221 (base 7) to base 13.
2311
-110001001 (base 2) to base 11
-328
Convert 353 (base 6) to base 9.
166
Convert -1c3 (base 16) to base 9.
-551
What is 11333110 (base 4) in base 12?
12244
What is 11a8 (base 11) in base 14?
802
Convert 3222 (base 15) to base 6.
121035
Convert -3aee (base 16) to base 6.
-153502
What is -478 (base 9) in base 7?
-1103
Convert 17254 (base 9) to base 10.
11875
13444 (base 6) to base 12
1284
What is 1431 (base 7) in base 8?
1061
What is 16d (base 16) in base 3?
111112
-22223 (base 6) to base 5
-44421
-5884 (base 15) to base 6
-223011
1012122 (base 5) to base 14
6053
Convert 2456 (base 10) to base 16.
998
Convert -40a (base 16) to base 11.
-860
-95 (base 11) to base 4
-1220
Convert -2101020 (base 3) to base 9.
-2336
What is -1000101212 (base 3) in base 12?
-b688
What is 3d (base 15) in base 3?
2011
-372 (base 11) to base 8
-672
-a82 (base 13) to base 2
-11100000100
What is -35240 (base 6) in base 9?
-6846
Convert 21242 (base 5) to base 15.
667
-21121 (base 4) to base 3
-211021
What is 16b87 (base 14) in base 6?
1120335
-1220110102 (base 3) to base 7
-214241
26955 (base 10) to base 11
19285
-141d (base 15) to base 4
-1003033
-1441144 (base 5) to base 14
-b31d
Convert 110112303 (base 4) to base 11.
5770a
What is 10010000110 (base 2) in base 5?
14113
12202 (base 4) to base 10
418
300320 (base 4) to base 14
11d6
What is -3b7 (base 13) in base 10?
-657
What is -23336 (base 7) in base 2?
-1011101110101
-7824 (base 9) to base 11
-4379
What is 2db1 (base 15) in base 4?
2121301
What is -3c81 (base 15) in base 4?
-3022102
-277 (base 14) to base 5
-3442
What is 3233 (base 4) in base 15?
10e
41 (base 12) to base 9
54
What is 8d3 (base 15) in base 3?
2202000
What is 1000001110000 (base 2) in base 16?
1070
What is -10022100 (base 3) in base 5?
-34122
What is -b64f (base 16) in base 8?
-133117
What is -b79 (base 15) in base 7?
-10356
-333233 (base 4) to base 13
-1b1a
What is -202202 (base 3) in base 16?
-230
1011101 (base 3) to base 5
11342
Convert -11102200 (base 3) to base 8.
-6237
Convert 443434 (base 5) to base 12.
8b72
Convert 222220 (base 3) to base 6.
3210
What is -10422 (base 14) in base 15?
-b955
-122626 (base 7) to base 12
-11101
What is 8891 (base 15) in base 12?
148b4
What is -100000100000 (base 2) in base 12?
-1254
115340 (base 6) to base 13
48b1
Convert -1000110011000 (base 2) to base 6.
-32504
What is 885 (base 10) in base 14?
473
Convert -11d (base 14) to base 4.
-3133
What is 4d (base 16) in base 8?
115
144 (base 15) to base 14
169
Convert -38475 (base 9) to base 5.
-1312112
Convert -26036 (base 9) to base 7.
-102051
-2134 (base 5) to base 11
-248
Convert -12002100 (base 3) to base 13.
-18c3
What is -2ab3a (base 12) in base 3?
-10001211101
What is -100111 (base 2) in base 11?
-36
What is -6230 (base 8) in base 10?
-3224
Convert -100510 (base 6) to base 15.
-255c
What is -b860 (base 13) in base 6?
-314301
5962 (base 10) to base 9
8154
-2010012 (base 3) to base 13
-91a
-5b7 (base 15) to base 13
-78a
-501 (base 10) to base 16
-1f5
-761 (base 10) to base 7
-2135
What is -6fc (base 16) in base 4?
-123330
What is -110211 (base 3) in base 12?
-24a
Convert 222022111 (base 3) to base 16.
4aef
Convert 32043 (base 7) to base 12.
4700
222213 (base 4) to base 16
aa7
What is -604 (base 11) in base 14?
-3a2
Convert 21210221 (base 3) to base 10.
5695
What is 42883 (base 9) in base 13?
cc27
Convert -4431 (base 10) to base 6.
-32303
Convert 2342 (base 11) to base 